n 1 - 0 - (y + 0) is divided by 2.
0
Suppose 56 = 6*y - 106. Calculate the remainder when 49 is divided by y.
22
Let w = 1047 + -1025. Let k(m) = m**3 - 3*m**2 + m + 2. Calculate the remainder when w is divided by k(3).
2
Suppose -3*w + 4*w = 33. Suppose -4*x + w = 9. What is the remainder when ((-24)/(-6))/((-2)/(-4)) is divided by x?
2
Let d be 0 - -4 - (1 + -2). Suppose m + 2*m = d*s + 83, -4*s + 20 = 0. Calculate the remainder when m is divided by 20.
16
Let w = 62 + -58. What is the remainder when 13 is divided by w?
1
Calculate the remainder when 62 is divided by (-18)/6*64/(-24).
6
Suppose -9*w = -12*w + 2601. Calculate the remainder when w is divided by 87.
84
Suppose 5*j - 3*j - y - 32 = 0, 4*y + 68 = 4*j. Let f = 17 - j. Suppose 0 = -t - 0*p - 5*p + f, -3*p + 2 = t. What is the remainder when t is divided by 2?
0
Let h(q) = -11*q - 8. Let t(n) = -15 - 10*n + 14 - 7. Let i(r) = -3*h(r) + 4*t(r). What is the remainder when 57 is divided by i(-4)?
17
Let n(p) = -28*p**2 + 2*p + 27*p**2 + 0*p + 5. Let h be n(0). Suppose 4*d - 3 - h = -4*k, 3*k = d - 22. Calculate the remainder when 11 is divided by d.
4
Let h = 93 + -48. Calculate the remainder when h is divided by 12.
9
Suppose 0 = -14*c + 427 - 7. What is the remainder when c is divided by 8?
6
Suppose 2*c = -3*y + 81, -2*y + 3*c = -c - 38. Let j be (-3)/((8/(-134))/4). Let d = j + -78. What is the remainder when d is divided by y?
23
Suppose -20 = 4*k, -3*d - 4*k - 86 = -5*d. Let u(y) = -y + 29. Calculate the remainder when d is divided by u(20).
6
Let r(s) = -s**3 - s**2 + 5*s + 4. Let h be r(-3). Suppose -36 = -h*o + 5*o. Calculate the remainder when 68 is divided by o.
14
Let k(m) = m**3 + 36*m**2 - 79*m + 104. Calculate the remainder when k(-38) is divided by 55.
53
Suppose 3*v - 108 = 96. Let o be v/(-2)*-1 + -3. Suppose -35*k = -o*k - 436. Calculate the remainder when k is divided by 28.
25
Let h(y) = y**2 + y - 5. Let w be h(-5). Suppose -16*g - w = -21*g. Calculate the remainder when (g + -41)*(-2 + 1) is divided by 20.
18
Let i = 990 - 913. What is the remainder when i is divided by 17?
9
Suppose 0*d - 3*v = d - 33, 0 = -2*v + 10. Let a = 0 - 2. Let m(w) = -2*w + 1. Calculate the remainder when d is divided by m(a).
3
Let u = 21 + 5. Suppose s - v = -3*s + 8, -4*s = 2*v - 8. Suppose 2*h - u - 111 = -3*w, 10 = -s*h. What is the remainder when w is divided by 25?
24
Suppose 2*i = 6*i - 144. Let x = 53 - i. What is the remainder when x is divided by (2/4)/((-6)/(-108))?
8
Suppose 0 = -4*w - 23 + 151. Let d(u) = 2*u**3 + 20*u**2 + 34*u + 22. What is the remainder when w is divided by d(-8)?
2
Let m = 316 - 310. What is the remainder when 57 is divided by m?
3
Let q be ((-3)/6)/(4/136). Let h = 43 - q. What is the remainder when 39 is divided by (h/8)/(3/4)?
9
Let x = 116 + -122. Let r(w) = -4*w - 22. What is the remainder when 4 is divided by r(x)?
0
Let t be (-296)/(-10) - (-26)/65. Suppose 4*d = 3*d + 5*v + t, 5*d + v - 202 = 0. What is the remainder when 118 is divided by d?
38
Suppose 0*q - 4 = 4*u - q, 12 = 3*u + 3*q. Let m = u + 47. What is the remainder when m is divided by 25?
22
Let v(g) = g**3 + g**2 - 2*g + 16. Let a be -4 - 4/6*-6. What is the remainder when v(a) is divided by 3*2 - 0/(-1)?
4
Suppose l - 4*r = 4 - 8, 4*r = 3*l - 4. Suppose 0 = g - l*i - 17, 0 = 2*g - 2*i + i - 48. Calculate the remainder when 97 is divided by g.
22
Let l = 67 + -21. Suppose -2*i = -4*i + l. Suppose -2*r + o + 23 = 0, 3*r - 3*o = i + 13. Calculate the remainder when r is divided by 3.
2
Let v(j) = 3*j + 60. Let l be v(-20). Let u(z) = -z**3 + 9*z**2 - 2*z + 7. Calculate the remainder when u(6) is divided by 0 + 36 - (l + -3 - -4).
33
Suppose 6*c + 220 = 8*c. Let j = -34 + 62. Calculate the remainder when c is divided by j.
26
Let d(k) = -7*k**3 - 2*k - 1. Let o be 4/6*(-6)/4. What is the remainder when 14 is divided by d(o)?
6
Let g = -89 - -84. Let c(r) = r**3 + 3*r**2 - 10*r + 5. What is the remainder when 11 is divided by c(g)?
1
Suppose 4*s + 109 = 5*f, 54 + 5 = -2*s + f. Let d = s + 43. Let k(r) = 2*r - 9. What is the remainder when d is divided by k(8)?
5
Let s = 3 + 8. Let y = s + -7. Suppose 3*o + 2*u - 23 = 0, -y*o + 64 = u + 25. Calculate the remainder when 20 is divided by o.
9
Let a = 215 + -209. What is the remainder when 117 is divided by a?
3
Let b = -8 - 3. Let v = b - -14. Calculate the remainder when 1 + 2 + 3 + v is divided by 6.
3
Suppose 0 = 2*o - 7*o + 395. Let j = o + -71. Calculate the remainder when 47 is divided by j.
7
Let l = 263 + -175. Suppose -2*o + 4*o = -n + 35, 0 = 5*o + 2*n - l. What is the remainder when 51 is divided by o?
15
Suppose 0 = 11*x - 1572 - 5732. What is the remainder when x is divided by 95?
94
Let x(w) = -w**3 + 6*w**2 + 9*w + 11. Let y be x(8). Let d = y + 51. What is the remainder when 41 is divided by d?
5
Calculate the remainder when 3 - -123 - -6 - 7 is divided by 16.
13
Suppose t - 10*t = 99. Let k = 14 - t. Calculate the remainder when k is divided by 7.
4
Let l(i) = 2*i - 4. Let c(o) = -o**2 - 11*o + 11. Let k be c(-11). Let z = 52 - 1. Calculate the remainder when z is divided by l(k).
15
What is the remainder when -24*(-2 + 0)*(-50)/(-8) is divided by 63?
48
Let a = -1961 - -1995. What is the remainder when a is divided by 21?
13
Let r = -1935 - -2565. What is the remainder when r is divided by 71?
62
Let o = -188 + 329. Suppose -q - 2*q + o = 0. What is the remainder when q is divided by (-3 + 3 + -8)*-2?
15
Suppose -2*b = 2*b - 2*q + 8, -b + 4 = q. Suppose b = 5*t + 4*y - 46, -t - 5*y = -5*t + 4. What is the remainder when t is divided by 4?
2
Let x = 108 - 110. Calculate the remainder when 80 is divided by (-43)/x - 20/40.
17
Suppose -25 = -5*i, -2*q + 3 = -3*i + 4. Suppose 2*k + 2 = 3*p + 3*k, 3*p - 5*k - 26 = 0. What is the remainder when q is divided by 4/p*(-4)/(24/(-15))?
2
Suppose -i + 369 = p, -67*p - 363 = -i - 62*p. Calculate the remainder when i is divided by 41.
40
Suppose -15*i - 30 = -17*i. Suppose -8*s = -5*s - i. Suppose 1 = -s*z + 26. What is the remainder when 13 is divided by z?
3
Suppose 3*j + 8*c - 10*c = 29, -3*j + 34 = -c. Let g = 67 - 38. What is the remainder when g is divided by j?
3
Suppose -2*x = 0, 5*a + 6*x + 30 = 3*x. Let q(j) = -11 - 10 - j - 4*j. What is the remainder when 23 is divided by q(a)?
5
Let y = -174 - -184. What is the remainder when y is divided by 9?
1
Suppose -13*q = -409 - 306. Calculate the remainder when 125 is divided by q.
15
Let d(a) = a**2 - 4*a + 2. Let z = 51 - 26. What is the remainder when d(-5) is divided by z?
22
Let w = -810 - -1600. Calculate the remainder when w is divided by 61.
58
Suppose -4*x + 184 = 5*i - 0*i, -2*x = -i + 48. Let o = i - -20. Let p(f) = -19*f - 17. What is the remainder when o is divided by p(-2)?
18
Suppose 0 = a - 48 - 39. What is the remainder when a is divided by ((-171)/133)/((-1)/35)?
42
Let r(g) = g**2 - 44*g - 105. Calculate the remainder when 86 is divided by r(47).
14
Let r = -2 + 44. Let f = r + -21. Let b = -89 - -97. What is the remainder when f is divided by b?
5
Suppose 5*n = -5*l - 50, -5*l - 4*n = 12 + 43. Let p(a) = -3*a + 19. What is the remainder when p(l) is divided by 17?
13
Let q(p) = -p**2 + 6*p + 7. Calculate the remainder when (-6369)/(-165) - ((-4)/5)/2 is divided by q(6).
4
Let p = 20 + 57. Let d(m) = m**3 + 5*m**2 - m + 11. What is the remainder when p is divided by d(-5)?
13
Let j(l) = -2*l + 36. Let v(c) = 26*c - 6. Calculate the remainder when v(2) is divided by j(6).
22
Suppose 0 = 6*w - w. Suppose 4*x + k = 213, w*k - k - 52 = -x. Suppose i = -3*s + 2*i + 46, 4*s - 2*i = 64. Calculate the remainder when x is divided by s.
11
Let n = -3 + 17. Suppose -9 = -w + n. What is the remainder when 43 is divided by w?
20
Let w be -2*(-1)/((-2)/(-27)). Let m = -16 + w. Let j = -13 + 45. What is the remainder when j is divided by m?
10
Let p(o) = o**3 - 25*o**2 + 37*o - 54. What is the remainder when p(24) is divided by 37?
36
Suppose 0 = 2*c - 2*j - 124, -9*j = -10*j - 4. Calculate the remainder when c is divided by 30.
28
Suppose -4*v = -3*v + 2*r - 11, -2*v - 23 = -5*r. Let u = v + 1. Suppose u*s = 4, -26 = -0*w - 4*w - s. What is the remainder when 22 is divided by w?
4
Let x(j) = -j**2 + 12*j + 2. Let f(l) = -4